{"id":1268,"date":"2023-11-08T18:45:37","date_gmt":"2023-11-08T21:45:37","guid":{"rendered":"https:\/\/sisvida.com.br\/?page_id=1268"},"modified":"2023-11-08T19:28:55","modified_gmt":"2023-11-08T22:28:55","slug":"lgpd","status":"publish","type":"page","link":"https:\/\/sisvida.com.br\/index.php\/lgpd\/","title":{"rendered":"LGPD"},"content":{"rendered":"<p>Nossa Pol\u00edtica de Seguran\u00e7a da informa\u00e7\u00e3o pode ser acessada aqui: <a href=\"https:\/\/sisvida.com.br\/index.php\/politica-de-privacidade\/\">https:\/\/sisvida.com.br\/index.php\/politica-de-privacidade\/<\/a><\/p>\n<p>Mais informa\u00e7\u00f5es sobre a LGPD entrar em contato com <a href=\"mailto:lgpd@sisvida.com.br\">lgpd@sisvida.com.br<\/a><\/p>\n","protected":false},"excerpt":{"rendered":"<p>Nossa Pol\u00edtica de Seguran\u00e7a da informa\u00e7\u00e3o pode ser acessada aqui: https:\/\/sisvida.com.br\/index.php\/politica-de-privacidade\/ Mais informa\u00e7\u00f5es sobre a LGPD entrar em contato com lgpd@sisvida.com.br<\/p>\n","protected":false},"author":8,"featured_media":0,"parent":0,"menu_order":0,"comment_status":"closed","ping_status":"closed","template":"","meta":{"site-sidebar-layout":"no-sidebar","site-content-layout":"boxed-container","ast-site-content-layout":"default","site-content-style":"default","site-sidebar-style":"default","ast-global-header-display":"","ast-banner-title-visibility":"","ast-main-header-display":"","ast-hfb-above-header-display":"","ast-hfb-below-header-display":"","ast-hfb-mobile-header-display":"","site-post-title":"","ast-breadcrumbs-content":"","ast-featured-img":"","footer-sml-layout":"","ast-disable-related-posts":"","theme-transparent-header-meta":"default","adv-header-id-meta":"","stick-header-meta":"","header-above-stick-meta":"","header-main-stick-meta":"","header-below-stick-meta":"","astra-migrate-meta-layouts":"default","ast-page-background-enabled":"default","ast-page-background-meta":{"desktop":{"background-color":"","background-image":"","background-repeat":"repeat","background-position":"center center","background-size":"auto","background-attachment":"scroll","background-type":"","background-media":"","overlay-type":"","overlay-color":"","overlay-opacity":"","overlay-gradient":""},"tablet":{"background-color":"","background-image":"","background-repeat":"repeat","background-position":"center center","background-size":"auto","background-attachment":"scroll","background-type":"","background-media":"","overlay-type":"","overlay-color":"","overlay-opacity":"","overlay-gradient":""},"mobile":{"background-color":"","background-image":"","background-repeat":"repeat","background-position":"center center","background-size":"auto","background-attachment":"scroll","background-type":"","background-media":"","overlay-type":"","overlay-color":"","overlay-opacity":"","overlay-gradient":""}},"ast-content-background-meta":{"desktop":{"background-color":"var(--ast-global-color-5)","background-image":"","background-repeat":"repeat","background-position":"center center","background-size":"auto","background-attachment":"scroll","background-type":"","background-media":"","overlay-type":"","overlay-color":"","overlay-opacity":"","overlay-gradient":""},"tablet":{"background-color":"var(--ast-global-color-5)","background-image":"","background-repeat":"repeat","background-position":"center center","background-size":"auto","background-attachment":"scroll","background-type":"","background-media":"","overlay-type":"","overlay-color":"","overlay-opacity":"","overlay-gradient":""},"mobile":{"background-color":"var(--ast-global-color-5)","background-image":"","background-repeat":"repeat","background-position":"center center","background-size":"auto","background-attachment":"scroll","background-type":"","background-media":"","overlay-type":"","overlay-color":"","overlay-opacity":"","overlay-gradient":""}},"footnotes":""},"class_list":["post-1268","page","type-page","status-publish","hentry"],"yoast_head":"<!-- This site is optimized with the Yoast SEO Premium plugin v18.7 (Yoast SEO v27.6) - https:\/\/yoast.com\/product\/yoast-seo-premium-wordpress\/ -->\n<title>LGPD - VIDA - Software para Laborat\u00f3rio<\/title>\n<meta name=\"robots\" content=\"index, follow, max-snippet:-1, max-image-preview:large, max-video-preview:-1\" \/>\n<link rel=\"canonical\" href=\"https:\/\/sisvida.com.br\/index.php\/lgpd\/\" \/>\n<meta property=\"og:locale\" content=\"pt_BR\" \/>\n<meta property=\"og:type\" content=\"article\" \/>\n<meta property=\"og:title\" content=\"LGPD\" \/>\n<meta property=\"og:description\" content=\"Nossa Pol\u00edtica de Seguran\u00e7a da informa\u00e7\u00e3o pode ser acessada aqui: https:\/\/sisvida.com.br\/index.php\/politica-de-privacidade\/ Mais informa\u00e7\u00f5es sobre a LGPD entrar em contato com lgpd@sisvida.com.br\" \/>\n<meta property=\"og:url\" content=\"https:\/\/sisvida.com.br\/index.php\/lgpd\/\" \/>\n<meta property=\"og:site_name\" content=\"VIDA - Software para Laborat\u00f3rio\" \/>\n<meta property=\"article:modified_time\" content=\"2023-11-08T22:28:55+00:00\" \/>\n<meta name=\"twitter:card\" content=\"summary_large_image\" \/>\n<script type=\"application\/ld+json\" class=\"yoast-schema-graph\">{\"@context\":\"https:\\\/\\\/schema.org\",\"@graph\":[{\"@type\":\"WebPage\",\"@id\":\"https:\\\/\\\/sisvida.com.br\\\/index.php\\\/lgpd\\\/\",\"url\":\"https:\\\/\\\/sisvida.com.br\\\/index.php\\\/lgpd\\\/\",\"name\":\"LGPD - VIDA - Software para Laborat\u00f3rio\",\"isPartOf\":{\"@id\":\"https:\\\/\\\/sisvida.com.br\\\/#website\"},\"datePublished\":\"2023-11-08T21:45:37+00:00\",\"dateModified\":\"2023-11-08T22:28:55+00:00\",\"breadcrumb\":{\"@id\":\"https:\\\/\\\/sisvida.com.br\\\/index.php\\\/lgpd\\\/#breadcrumb\"},\"inLanguage\":\"pt-BR\",\"potentialAction\":[{\"@type\":\"ReadAction\",\"target\":[\"https:\\\/\\\/sisvida.com.br\\\/index.php\\\/lgpd\\\/\"]}]},{\"@type\":\"BreadcrumbList\",\"@id\":\"https:\\\/\\\/sisvida.com.br\\\/index.php\\\/lgpd\\\/#breadcrumb\",\"itemListElement\":[{\"@type\":\"ListItem\",\"position\":1,\"name\":\"In\u00edcio\",\"item\":\"https:\\\/\\\/sisvida.com.br\\\/\"},{\"@type\":\"ListItem\",\"position\":2,\"name\":\"LGPD\"}]},{\"@type\":\"WebSite\",\"@id\":\"https:\\\/\\\/sisvida.com.br\\\/#website\",\"url\":\"https:\\\/\\\/sisvida.com.br\\\/\",\"name\":\"VIDA - Software para Laborat\u00f3rio\",\"description\":\"Software para Laborat\u00f3rio 100% Web\",\"publisher\":{\"@id\":\"https:\\\/\\\/sisvida.com.br\\\/#organization\"},\"potentialAction\":[{\"@type\":\"SearchAction\",\"target\":{\"@type\":\"EntryPoint\",\"urlTemplate\":\"https:\\\/\\\/sisvida.com.br\\\/?s={search_term_string}\"},\"query-input\":{\"@type\":\"PropertyValueSpecification\",\"valueRequired\":true,\"valueName\":\"search_term_string\"}}],\"inLanguage\":\"pt-BR\"},{\"@type\":\"Organization\",\"@id\":\"https:\\\/\\\/sisvida.com.br\\\/#organization\",\"name\":\"VIDA - Software para Laborat\u00f3rio\",\"url\":\"https:\\\/\\\/sisvida.com.br\\\/\",\"logo\":{\"@type\":\"ImageObject\",\"inLanguage\":\"pt-BR\",\"@id\":\"https:\\\/\\\/sisvida.com.br\\\/#\\\/schema\\\/logo\\\/image\\\/\",\"url\":\"https:\\\/\\\/sisvida.com.br\\\/wp-content\\\/uploads\\\/2021\\\/03\\\/logo@2x.png\",\"contentUrl\":\"https:\\\/\\\/sisvida.com.br\\\/wp-content\\\/uploads\\\/2021\\\/03\\\/logo@2x.png\",\"width\":600,\"height\":153,\"caption\":\"VIDA - Software para Laborat\u00f3rio\"},\"image\":{\"@id\":\"https:\\\/\\\/sisvida.com.br\\\/#\\\/schema\\\/logo\\\/image\\\/\"}}]}<\/script>\n<!-- \/ Yoast SEO Premium plugin. -->","yoast_head_json":{"title":"LGPD - VIDA - Software para Laborat\u00f3rio","robots":{"index":"index","follow":"follow","max-snippet":"max-snippet:-1","max-image-preview":"max-image-preview:large","max-video-preview":"max-video-preview:-1"},"canonical":"https:\/\/sisvida.com.br\/index.php\/lgpd\/","og_locale":"pt_BR","og_type":"article","og_title":"LGPD","og_description":"Nossa Pol\u00edtica de Seguran\u00e7a da informa\u00e7\u00e3o pode ser acessada aqui: https:\/\/sisvida.com.br\/index.php\/politica-de-privacidade\/ Mais informa\u00e7\u00f5es sobre a LGPD entrar em contato com lgpd@sisvida.com.br","og_url":"https:\/\/sisvida.com.br\/index.php\/lgpd\/","og_site_name":"VIDA - Software para Laborat\u00f3rio","article_modified_time":"2023-11-08T22:28:55+00:00","twitter_card":"summary_large_image","schema":{"@context":"https:\/\/schema.org","@graph":[{"@type":"WebPage","@id":"https:\/\/sisvida.com.br\/index.php\/lgpd\/","url":"https:\/\/sisvida.com.br\/index.php\/lgpd\/","name":"LGPD - VIDA - Software para Laborat\u00f3rio","isPartOf":{"@id":"https:\/\/sisvida.com.br\/#website"},"datePublished":"2023-11-08T21:45:37+00:00","dateModified":"2023-11-08T22:28:55+00:00","breadcrumb":{"@id":"https:\/\/sisvida.com.br\/index.php\/lgpd\/#breadcrumb"},"inLanguage":"pt-BR","potentialAction":[{"@type":"ReadAction","target":["https:\/\/sisvida.com.br\/index.php\/lgpd\/"]}]},{"@type":"BreadcrumbList","@id":"https:\/\/sisvida.com.br\/index.php\/lgpd\/#breadcrumb","itemListElement":[{"@type":"ListItem","position":1,"name":"In\u00edcio","item":"https:\/\/sisvida.com.br\/"},{"@type":"ListItem","position":2,"name":"LGPD"}]},{"@type":"WebSite","@id":"https:\/\/sisvida.com.br\/#website","url":"https:\/\/sisvida.com.br\/","name":"VIDA - Software para Laborat\u00f3rio","description":"Software para Laborat\u00f3rio 100% Web","publisher":{"@id":"https:\/\/sisvida.com.br\/#organization"},"potentialAction":[{"@type":"SearchAction","target":{"@type":"EntryPoint","urlTemplate":"https:\/\/sisvida.com.br\/?s={search_term_string}"},"query-input":{"@type":"PropertyValueSpecification","valueRequired":true,"valueName":"search_term_string"}}],"inLanguage":"pt-BR"},{"@type":"Organization","@id":"https:\/\/sisvida.com.br\/#organization","name":"VIDA - Software para Laborat\u00f3rio","url":"https:\/\/sisvida.com.br\/","logo":{"@type":"ImageObject","inLanguage":"pt-BR","@id":"https:\/\/sisvida.com.br\/#\/schema\/logo\/image\/","url":"https:\/\/sisvida.com.br\/wp-content\/uploads\/2021\/03\/logo@2x.png","contentUrl":"https:\/\/sisvida.com.br\/wp-content\/uploads\/2021\/03\/logo@2x.png","width":600,"height":153,"caption":"VIDA - Software para Laborat\u00f3rio"},"image":{"@id":"https:\/\/sisvida.com.br\/#\/schema\/logo\/image\/"}}]}},"_links":{"self":[{"href":"https:\/\/sisvida.com.br\/index.php\/wp-json\/wp\/v2\/pages\/1268","targetHints":{"allow":["GET"]}}],"collection":[{"href":"https:\/\/sisvida.com.br\/index.php\/wp-json\/wp\/v2\/pages"}],"about":[{"href":"https:\/\/sisvida.com.br\/index.php\/wp-json\/wp\/v2\/types\/page"}],"author":[{"embeddable":true,"href":"https:\/\/sisvida.com.br\/index.php\/wp-json\/wp\/v2\/users\/8"}],"replies":[{"embeddable":true,"href":"https:\/\/sisvida.com.br\/index.php\/wp-json\/wp\/v2\/comments?post=1268"}],"version-history":[{"count":3,"href":"https:\/\/sisvida.com.br\/index.php\/wp-json\/wp\/v2\/pages\/1268\/revisions"}],"predecessor-version":[{"id":1276,"href":"https:\/\/sisvida.com.br\/index.php\/wp-json\/wp\/v2\/pages\/1268\/revisions\/1276"}],"wp:attachment":[{"href":"https:\/\/sisvida.com.br\/index.php\/wp-json\/wp\/v2\/media?parent=1268"}],"curies":[{"name":"wp","href":"https:\/\/api.w.org\/{rel}","templated":true}]}}